{"id":17,"date":"2016-05-25T06:33:53","date_gmt":"2016-05-25T09:33:53","guid":{"rendered":"http:\/\/localhost\/foda\/?page_id=17"},"modified":"2018-07-03T20:55:44","modified_gmt":"2018-07-03T23:55:44","slug":"mision-vision-objetivos","status":"publish","type":"page","link":"https:\/\/www.matrizfoda.com\/dafo\/quienes-son-nuestros-clientes\/mision-vision-objetivos\/","title":{"rendered":"Misi\u00f3n, visi\u00f3n y objetivos"},"content":{"rendered":"<p><strong>Misi\u00f3n, visi\u00f3n y objetivos<\/strong><\/p>\n<p><strong>Misi\u00f3n<\/strong><\/p>\n<p>Alcanzar un alto posicionamiento en el mercado latinoamericano de la consultor\u00eda en l\u00ednea, como resultado de brindar asesoramiento de alta calidad profesional en an\u00e1lisis FODA y de contar con clientes satisfechos<\/p>\n<p><strong>Visi\u00f3n<\/strong><\/p>\n<p>Contribuir al desarrollo corporativo de peque\u00f1as y medianas empresas que habitualmente no poseen los recursos humanos adecuados para el abordaje adecuado de esta herramienta tan importante de marketing estrat\u00e9gico.<\/p>\n<p><strong>Objetivos<\/strong><\/p>\n<p>Proveer soluciones de consultor\u00eda en l\u00ednea a peque\u00f1os y medianos empresarios de Am\u00e9rica latina, para que puedan alcanzar los objetivos comerciales deseados a un bajo costo.<\/p>\n","protected":false},"excerpt":{"rendered":"<p>Misi\u00f3n, visi\u00f3n y objetivos Misi\u00f3n Alcanzar un alto posicionamiento en el mercado latinoamericano de la consultor\u00eda en l\u00ednea, como resultado de brindar asesoramiento de alta calidad profesional en an\u00e1lisis FODA y de contar con clientes&#8230;<\/p>\n","protected":false},"author":1,"featured_media":0,"parent":19,"menu_order":0,"comment_status":"closed","ping_status":"closed","template":"","meta":{"footnotes":""},"class_list":["post-17","page","type-page","status-publish","hentry"],"_links":{"self":[{"href":"https:\/\/www.matrizfoda.com\/dafo\/wp-json\/wp\/v2\/pages\/17","targetHints":{"allow":["GET"]}}],"collection":[{"href":"https:\/\/www.matrizfoda.com\/dafo\/wp-json\/wp\/v2\/pages"}],"about":[{"href":"https:\/\/www.matrizfoda.com\/dafo\/wp-json\/wp\/v2\/types\/page"}],"author":[{"embeddable":true,"href":"https:\/\/www.matrizfoda.com\/dafo\/wp-json\/wp\/v2\/users\/1"}],"replies":[{"embeddable":true,"href":"https:\/\/www.matrizfoda.com\/dafo\/wp-json\/wp\/v2\/comments?post=17"}],"version-history":[{"count":3,"href":"https:\/\/www.matrizfoda.com\/dafo\/wp-json\/wp\/v2\/pages\/17\/revisions"}],"predecessor-version":[{"id":113,"href":"https:\/\/www.matrizfoda.com\/dafo\/wp-json\/wp\/v2\/pages\/17\/revisions\/113"}],"up":[{"embeddable":true,"href":"https:\/\/www.matrizfoda.com\/dafo\/wp-json\/wp\/v2\/pages\/19"}],"wp:attachment":[{"href":"https:\/\/www.matrizfoda.com\/dafo\/wp-json\/wp\/v2\/media?parent=17"}],"curies":[{"name":"wp","href":"https:\/\/api.w.org\/{rel}","templated":true}]}}